{"id":889,"date":"2020-07-17T04:01:40","date_gmt":"2020-07-17T04:01:40","guid":{"rendered":"https:\/\/strattus.com.br\/loja\/?post_type=product&#038;p=889"},"modified":"2026-03-19T18:31:20","modified_gmt":"2026-03-19T18:31:20","slug":"complexo-ortomolecular-polivitaminico-200ml","status":"publish","type":"product","link":"https:\/\/strattus.com.br\/loja\/produto\/complexo-ortomolecular-polivitaminico-200ml\/","title":{"rendered":"S.O.S Complexo Ortomolecular Polivitam\u00ednico &#8211; 200ml"},"content":{"rendered":"<p>S.O.S Complexo Ortomolecular Polivitam\u00ednico &#8211; 200ml<\/p>\n<p>Este produto foi desenvolvido com a mais alta tecnologia cosm\u00e9tica. Um complexo ortomolecular polivitam\u00ednico nutricional que cont\u00e9m amino\u00e1cidos exclusivos, prote\u00ednas e subst\u00e2ncias capazes de aumentar a resist\u00eancia do cabelo. Evita a quebra, minimiza o emborrachamento durante a qu\u00edmica. Tratamento reconstrutor que recupera intensivamente os danos causados pelas qu\u00edmicas reduzindo consideravelmente a porosidade minimizando o rompimento da fibra capilar.<\/p>\n<p>Especifica\u00e7\u00f5es:<br \/>\nMarca: Strattus<br \/>\nQuantidade: 200ml<\/p>\n<p>Aumento da resist\u00eancia e Fortalecimento &#8211; Modo de usar: No m\u00ednimo 6 aplica\u00e7\u00f5es durante tr\u00eas semanas. Aplicar, deixar agir por 30 minutos e logo ap\u00f3s aplicar finalizador.<\/p>\n<p>Para o preparo dos cabelos para troca de qu\u00edmicas \u2013 Modo de Uso: No m\u00ednimo 6 aplica\u00e7\u00f5es durante tr\u00eas semanas. Aplicar, deixar agir por 30 minutos e logo ap\u00f3s esse tratamento fazer o teste de mecha para eventual aplica\u00e7\u00e3o da qu\u00edmica.<\/p>\n<p>No cabelo el\u00e1stico \u2013 Modo de Uso: fazer v\u00e1rias aplica\u00e7\u00f5es, aplicar e deixar agir por 30 minutos e logo ap\u00f3s aplicar o finalizador.<\/p>\n<p>Emborrachamento durante o processo qu\u00edmico \u2013Modo de Usar: Lavar os cabelos ou aplicar com o produto (Qu\u00edmica) nos cabelos. Aplicar o Complexo e deixar agir at\u00e9 o t\u00e9rmino do processo de aplica\u00e7\u00e3o do ativo alisante, ap\u00f3s o t\u00e9rmino do processo \u00e9 recomend\u00e1vel deixar agir por 15 minutos e logo ap\u00f3s dar continuidade ao processo.<\/p>\n<p>Composi\u00e7\u00e3o: Glutamic Acid, Amodimethicone (and) C12-14 Sec-Paret-7 (and) C12-14 Sec Paret-5, Disodium EDTA, Arginine, Methylchloroisothiazolinone; Methylisothiazolinone, Polyquaternium-7, Keratin, Amodimeticona y cloruro de Cetrimonio y trideceth-12, Silk Amino Acids; Aqua, Parfum and Aqua.<\/p>\n<p>Recomenda\u00e7\u00f5es: Mantenha fora do alcance de crian\u00e7as. Manter em temperatura ambiente, ao abrigo do sol e calor. Em caso de contato acidental com os olhos, enxaguar abundantemente. N\u00e3o aplicar se o couro cabeludo estiver irritado ou lesionado. Havendo irrita\u00e7\u00e3o, suspender o uso e procurar um m\u00e9dico.<\/p>\n<p>&nbsp;<\/p>\n","protected":false},"excerpt":{"rendered":"<p>Produto de alt\u00edssima qualidade e performance, aumenta a resist\u00eancia dos fios, minimiza a quebra e elasticidade, al\u00e9m de preparar o cabelo para uma nova qu\u00edmica ou outra incompat\u00edvel.<\/p>\n<p>1. Repara\u00e7\u00e3o Intensiva<br \/>\n2. Minimiza a elasticidade dos fios<br \/>\n3. Reconstru\u00e7\u00e3o sinerg\u00e9tica<br \/>\n4. Prote\u00e7\u00e3o de agentes externos<br \/>\n5. Previne as pontas danificadas<br \/>\n6. Desembara\u00e7a os fios<br \/>\n7. Brilho 3D<br \/>\n8. Real\u00e7a o caimento natural dos cabelos<br \/>\n9. Prote\u00e7\u00e3o da cor<br \/>\n10. Toque sedoso e suave<br \/>\n11. Aumento da resist\u00eancia dos fios<br \/>\n12. Elimina porosidade<\/p>\n","protected":false},"featured_media":1777,"comment_status":"open","ping_status":"closed","template":"","meta":{"_et_pb_use_builder":"","_et_pb_old_content":"","_et_gb_content_width":""},"product_brand":[],"product_cat":[25,85,88,89],"product_tag":[],"class_list":{"0":"post-889","1":"product","2":"type-product","3":"status-publish","4":"has-post-thumbnail","6":"product_cat-destaque","7":"product_cat-manutencao","8":"product_cat-reconstrucao","9":"product_cat-tratamento","11":"first","12":"instock","13":"featured","14":"taxable","15":"shipping-taxable","16":"purchasable","17":"product-type-simple"},"_links":{"self":[{"href":"https:\/\/strattus.com.br\/loja\/wp-json\/wp\/v2\/product\/889","targetHints":{"allow":["GET"]}}],"collection":[{"href":"https:\/\/strattus.com.br\/loja\/wp-json\/wp\/v2\/product"}],"about":[{"href":"https:\/\/strattus.com.br\/loja\/wp-json\/wp\/v2\/types\/product"}],"replies":[{"embeddable":true,"href":"https:\/\/strattus.com.br\/loja\/wp-json\/wp\/v2\/comments?post=889"}],"wp:featuredmedia":[{"embeddable":true,"href":"https:\/\/strattus.com.br\/loja\/wp-json\/wp\/v2\/media\/1777"}],"wp:attachment":[{"href":"https:\/\/strattus.com.br\/loja\/wp-json\/wp\/v2\/media?parent=889"}],"wp:term":[{"taxonomy":"product_brand","embeddable":true,"href":"https:\/\/strattus.com.br\/loja\/wp-json\/wp\/v2\/product_brand?post=889"},{"taxonomy":"product_cat","embeddable":true,"href":"https:\/\/strattus.com.br\/loja\/wp-json\/wp\/v2\/product_cat?post=889"},{"taxonomy":"product_tag","embeddable":true,"href":"https:\/\/strattus.com.br\/loja\/wp-json\/wp\/v2\/product_tag?post=889"}],"curies":[{"name":"wp","href":"https:\/\/api.w.org\/{rel}","templated":true}]}}

S.O.S Complexo Ortomolecular Polivitamínico &#8211; 200ml

<p>S.O.S Complexo Ortomolecular Polivitamínico &#8211; 200ml</p>
<p>Este produto foi desenvolvido com a mais alta tecnologia cosmética. Um complexo ortomolecular polivitamínico nutricional que contém aminoácidos exclusivos, proteínas e substâncias capazes de aumentar a resistência do cabelo. Evita a quebra, minimiza o emborrachamento durante a química. Tratamento reconstrutor que recupera intensivamente os danos causados pelas químicas reduzindo consideravelmente a porosidade minimizando o rompimento da fibra capilar.</p>
<p>Especificações:<br />
Marca: Strattus<br />
Quantidade: 200ml</p>
<p>Aumento da resistência e Fortalecimento &#8211; Modo de usar: No mínimo 6 aplicações durante três semanas. Aplicar, deixar agir por 30 minutos e logo após aplicar finalizador.</p>
<p>Para o preparo dos cabelos para troca de químicas – Modo de Uso: No mínimo 6 aplicações durante três semanas. Aplicar, deixar agir por 30 minutos e logo após esse tratamento fazer o teste de mecha para eventual aplicação da química.</p>
<p>No cabelo elástico – Modo de Uso: fazer várias aplicações, aplicar e deixar agir por 30 minutos e logo após aplicar o finalizador.</p>
<p>Emborrachamento durante o processo químico –Modo de Usar: Lavar os cabelos ou aplicar com o produto (Química) nos cabelos. Aplicar o Complexo e deixar agir até o término do processo de aplicação do ativo alisante, após o término do processo é recomendável deixar agir por 15 minutos e logo após dar continuidade ao processo.</p>
<p>Composição: Glutamic Acid, Amodimethicone (and) C12-14 Sec-Paret-7 (and) C12-14 Sec Paret-5, Disodium EDTA, Arginine, Methylchloroisothiazolinone; Methylisothiazolinone, Polyquaternium-7, Keratin, Amodimeticona y cloruro de Cetrimonio y trideceth-12, Silk Amino Acids; Aqua, Parfum and Aqua.</p>
<p>Recomendações: Mantenha fora do alcance de crianças. Manter em temperatura ambiente, ao abrigo do sol e calor. Em caso de contato acidental com os olhos, enxaguar abundantemente. Não aplicar se o couro cabeludo estiver irritado ou lesionado. Havendo irritação, suspender o uso e procurar um médico.</p>
<p>&nbsp;</p>

<p>Produto de altíssima qualidade e performance, aumenta a resistência dos fios, minimiza a quebra e elasticidade, além de preparar o cabelo para uma nova química ou outra incompatível.</p>
<p>1. Reparação Intensiva<br />
2. Minimiza a elasticidade dos fios<br />
3. Reconstrução sinergética<br />
4. Proteção de agentes externos<br />
5. Previne as pontas danificadas<br />
6. Desembaraça os fios<br />
7. Brilho 3D<br />
8. Realça o caimento natural dos cabelos<br />
9. Proteção da cor<br />
10. Toque sedoso e suave<br />
11. Aumento da resistência dos fios<br />
12. Elimina porosidade</p>
