{"id":891,"date":"2020-07-17T04:06:06","date_gmt":"2020-07-17T04:06:06","guid":{"rendered":"https:\/\/strattus.com.br\/loja\/?post_type=product&#038;p=891"},"modified":"2026-03-19T18:30:56","modified_gmt":"2026-03-19T18:30:56","slug":"queratina-ativada-120ml","status":"publish","type":"product","link":"https:\/\/strattus.com.br\/loja\/produto\/queratina-ativada-120ml\/","title":{"rendered":"Queratina Ativada &#8211; 120ml"},"content":{"rendered":"<p>Queratina Ativada, Strattus<\/p>\n<p>Especialmente desenvolvida para cabelos que com a\u00e7\u00e3o natural do tempo e com a qu\u00edmica perde a queratina natural, ficando com aspecto quebradi\u00e7o, ressecado, opaco e sem vida. A Queratina Ativada da Strattus atua na reconstru\u00e7\u00e3o intensiva dos fios devolvendo a vida e o brilho aos cabelos.<\/p>\n<p>Especifica\u00e7\u00f5es:<br \/>\nMarca: Strattus<br \/>\nQuantidade: 120ml<\/p>\n<p>Modo de usar: Ap\u00f3s lavar com shampoo, aplique nos cabelos como um todo, massageando-os. Deixe agir por 10 minutos. Logo ap\u00f3s hidrate.<\/p>\n<p>Composi\u00e7\u00e3o: Disodium EDTA, Methylchloroisothiazolinone; Methylisothiazolinone, Polyquaternium-10, Cetrimonium Chloride, keratin, Parfum and Aqua.<\/p>\n<p>Recomenda\u00e7\u00f5es: Mantenha fora do alcance de crian\u00e7as. Manter em temperatura ambiente, ao abrigo do sol e calor. Em caso de contato acidental com os olhos, enxaguar abundantemente. N\u00e3o aplicar se o couro cabeludo estiver irritado ou lesionado. Havendo irrita\u00e7\u00e3o, suspender o uso e procurar um m\u00e9dico.<\/p>\n","protected":false},"excerpt":{"rendered":"<p>Especialmente desenvolvida para cabelos que com a\u00e7\u00e3o natural do tempo e com a qu\u00edmica perde a queratina natural, ficando com aspecto quebradi\u00e7o, ressecado, opaco e sem vida. A Queratina Ativada da Strattus atua na reconstru\u00e7\u00e3o intensiva dos fios devolvendo a vida e o brilho aos cabelos.<\/p>\n","protected":false},"featured_media":888,"comment_status":"open","ping_status":"closed","template":"","meta":{"_et_pb_use_builder":"","_et_pb_old_content":"","_et_gb_content_width":""},"product_brand":[],"product_cat":[85,88,89],"product_tag":[],"class_list":{"0":"post-891","1":"product","2":"type-product","3":"status-publish","4":"has-post-thumbnail","6":"product_cat-manutencao","7":"product_cat-reconstrucao","8":"product_cat-tratamento","10":"first","11":"instock","12":"taxable","13":"shipping-taxable","14":"purchasable","15":"product-type-simple"},"_links":{"self":[{"href":"https:\/\/strattus.com.br\/loja\/wp-json\/wp\/v2\/product\/891","targetHints":{"allow":["GET"]}}],"collection":[{"href":"https:\/\/strattus.com.br\/loja\/wp-json\/wp\/v2\/product"}],"about":[{"href":"https:\/\/strattus.com.br\/loja\/wp-json\/wp\/v2\/types\/product"}],"replies":[{"embeddable":true,"href":"https:\/\/strattus.com.br\/loja\/wp-json\/wp\/v2\/comments?post=891"}],"wp:featuredmedia":[{"embeddable":true,"href":"https:\/\/strattus.com.br\/loja\/wp-json\/wp\/v2\/media\/888"}],"wp:attachment":[{"href":"https:\/\/strattus.com.br\/loja\/wp-json\/wp\/v2\/media?parent=891"}],"wp:term":[{"taxonomy":"product_brand","embeddable":true,"href":"https:\/\/strattus.com.br\/loja\/wp-json\/wp\/v2\/product_brand?post=891"},{"taxonomy":"product_cat","embeddable":true,"href":"https:\/\/strattus.com.br\/loja\/wp-json\/wp\/v2\/product_cat?post=891"},{"taxonomy":"product_tag","embeddable":true,"href":"https:\/\/strattus.com.br\/loja\/wp-json\/wp\/v2\/product_tag?post=891"}],"curies":[{"name":"wp","href":"https:\/\/api.w.org\/{rel}","templated":true}]}}